 factor of 132994?
True
Is 32373 a multiple of 15?
False
Is 2682498 a multiple of 273?
True
Does 156 divide 370986?
False
Is 9 a factor of 243270?
True
Is 671305 a multiple of 31?
True
Is 456 a factor of 82080?
True
Is 98 a factor of 79086?
True
Does 17 divide 2840955?
True
Is 467976 a multiple of 37?
True
Is 56 a factor of 9072896?
True
Does 3 divide 2327077?
False
Does 7 divide 30621?
False
Does 67 divide 1840607?
False
Is 2704892 a multiple of 1277?
False
Is 34342 a multiple of 10?
False
Does 53 divide 353655?
False
Does 1478 divide 18964218?
True
Is 14 a factor of 1759021?
False
Is 32 a factor of 39936?
True
Does 13 divide 1932025?
False
Does 6 divide 271254?
True
Does 3 divide 24725?
False
Is 86 a factor of 254903?
False
Is 1407138 a multiple of 124?
False
Is 417836 a multiple of 33?
False
Is 104 a factor of 320008?
True
Is 925810 a multiple of 23?
False
Does 112 divide 8845400?
False
Is 4416764 a multiple of 38?
False
Is 40 a factor of 1507258?
False
Is 807831 a multiple of 26?
False
Is 405996 a multiple of 46?
True
Does 34 divide 68068?
True
Is 417751 a multiple of 4?
False
Is 37 a factor of 2411?
False
Is 65448 a multiple of 72?
True
Is 272944 a multiple of 16?
True
Does 138 divide 705677?
False
Is 8 a factor of 44113?
False
Is 30 a factor of 96780?
True
Does 739 divide 6170797?
False
Does 41 divide 11042013?
False
Does 158 divide 1318901?
False
Is 22 a factor of 1596740?
False
Is 15 a factor of 12510?
True
Is 5002001 a multiple of 100?
False
Is 308549 a multiple of 17?
False
Is 26 a factor of 44512?
True
Does 131 divide 210779?
True
Is 267520 a multiple of 608?
True
Does 1548 divide 3351420?
True
Is 426753 a multiple of 329?
False
Is 405960 a multiple of 26?
False
Does 290 divide 146160?
True
Is 170430 a multiple of 95?
True
Is 273 a factor of 4268628?
True
Does 22 divide 176970?
False
Is 86 a factor of 6987930?
True
Does 16 divide 1412336?
True
Does 103 divide 61285?
True
Is 274770 a multiple of 45?
True
Does 9 divide 51912?
True
Is 962689 a multiple of 116?
False
Is 34 a factor of 1049089?
False
Is 21 a factor of 153969?
False
Does 33 divide 47266?
False
Is 11843104 a multiple of 7?
True
Is 6298542 a multiple of 18?
True
Is 1473 a multiple of 75?
False
Does 301 divide 343140?
True
Does 116 divide 468060?
True
Is 3455408 a multiple of 504?
False
Does 21 divide 387051?
True
Is 420 a factor of 1453458?
False
Is 407187 a multiple of 417?
False
Is 12153349 a multiple of 921?
False
Is 169 a factor of 450385?
True
Does 117 divide 791299?
False
Is 23 a factor of 188876?
True
Is 62274 a multiple of 321?
True
Is 1579881 a multiple of 1809?
False
Is 1741 a factor of 2546562?
False
Is 194 a factor of 164900?
True
Is 264363 a multiple of 3?
True
Is 387 a factor of 1021410?
False
Is 15 a factor of 1014255?
True
Is 65 a factor of 114075?
True
Is 18 a factor of 6693843?
False
Is 13077512 a multiple of 57?
False
Does 31 divide 27001?
True
Is 53 a factor of 493091?
False
Does 15 divide 293520?
True
Is 124928 a multiple of 32?
True
Is 13 a factor of 219274?
False
Is 834158 a multiple of 65?
False
Does 53 divide 1269509?
True
Is 1138052 a multiple of 214?
True
Does 12 divide 2438604?
True
Is 640 a factor of 7093455?
False
Does 3 divide 7366?
False
Does 14 divide 61126?
False
Is 490 a factor of 5995640?
True
Does 20 divide 191860?
True
Does 1967 divide 9394392?
True
Does 5 divide 504400?
True
Is 67 a factor of 14880298?
True
Is 124 a factor of 208320?
True
Is 1192482 a multiple of 176?
False
Does 25 divide 6732400?
True
Is 1168580 a multiple of 18?
False
Is 355 a factor of 19371065?
False
Is 45 a factor of 4520340?
True
Does 524 divide 1282752?
True
Is 342 a factor of 17994559?
False
Is 17 a factor of 539793?
False
Does 18 divide 11520?
True
Is 1797 a factor of 12868317?
True
Is 716040 a multiple of 270?
True
Is 74493 a multiple of 16?
False
Does 280 divide 1884400?
True
Does 1997 divide 9894596?
False
Does 4 divide 853?
False
Does 320 divide 2785280?
True
Is 8 a factor of 73096?
True
Is 891380 a multiple of 35?
True
Does 865 divide 9758065?
True
Is 1031625 a multiple of 105?
True
Is 9 a factor of 5409?
True
Is 326 a factor of 557230?
False
Is 208 a factor of 607308?
False
Is 320 a factor of 128078?
False
Does 22 divide 754442?
False
Is 73 a factor of 106434?
True
Is 429264 a multiple of 24?
True
Is 5164640 a multiple of 1352?
True
Is 257 a factor of 1568985?
True
Is 41 a factor of 33599910?
True
Does 154 divide 131670?
True
Is 208 a factor of 134544?
False
Does 11 divide 101607?
True
Is 10 a factor of 2866228?
False
Does 28 divide 2323089?
False
Does 12 divide 260088?
True
Is 396440 a multiple of 15?
False
Does 64 divide 233916?
False
Does 39 divide 840450?
True
Does 20 divide 1848940?
True
Does 5 divide 926375?
True
Is 156404 a multiple of 240?
False
Is 920900 a multiple of 5?
True
Does 146 divide 560030?
False
Is 9 a factor of 603056?
False
Is 56 a factor of 133616?
True
Does 315 divide 292321?
False
Is 710 a factor of 1393230?
False
Is 20 a factor of 319940?
True
Does 32 divide 480960?
True
Is 3 a factor of 697172?
False
Does 35 divide 3402315?
True
Is 51 a factor of 669677?
False
Is 27 a factor of 119070?
True
Is 287657 a multiple of 44?
False
Is 1864693 a multiple of 335?
False
Is 34 a factor of 16564?
False
Is 12 a factor of 46909?
False
Does 79 divide 1743142?
False
Is 7212 a multiple of 260?
False
Does 98 divide 1528525?
False
Is 10 a factor of 9416820?
True
Is 483 a factor of 3954804?
True
Is 381223 a multiple of 31?
False
Is 59 a factor of 1098757?
True
Is 16 a factor of 1144885?
False
Is 305182 a multiple of 331?
True
Is 10 a factor of 23173?
False
Is 17 a factor of 282200?
True
Is 78 a factor of 3719352?
True
Is 261 a factor of 92289?
False
Does 216 divide 284904?
True
Is 339048 a multiple of 17?
True
Does 10 divide 4167860?
True
Does 191 divide 732113?
False
Is 1036748 a multiple of 46?
True
Is 41 a factor of 215906?
True
Is 21 a factor of 444528?
True
Is 4507524 a multiple of 93?
True
Does 72 divide 2039760?
True
Does 9 divide 2912410?
False
Is 2790 a factor of 16555860?
True
Is 993 a factor of 3799218?
True
Is 22748360 a multiple of 112?
False
Does 457 divide 223016?
True
Does 234 divide 601649?
False
Is 17118 a multiple of 27?
True
Is 724032 a multiple of 27?
True
Is 130403 a multiple of 13?
True
Does 221 divide 321776?
True
Does 25 divide 389575?
True
Is 66626 a multiple of 7?
True
Does 61 divide 525170?
False
Is 58 a factor of 115768?
True
Is 741 a factor of 116775?
False
Does 291 divide 1026091?
False
Does 119 divide 148091?
False
Is 11708943 a multiple of 36?
False
Does 113 divide 968985?
False
Does 31 divide 1376381?
False
Is 39 a factor of 223860?
True
Is 144386 a multiple of 31?
False
Is 57970 a multiple of 62?
True
Does 2004 divide 27443327?
False
Does 456 divide 262200?
True
Is 6 a factor of 4860846?
True
Does 219 divide 45114?
True
Is 280433 a multiple of 180?
False
Is 34 a factor of 37133?
False
Does 51 divide 2951612?
False
Is 662659 a multiple of 53?
True
Is 54518 a multiple of 103?
False
Is 434 a factor of 186620?
True
Is 324 a factor of 246240?
True
Is 115576 a multiple of 2?
True
Is 233 a factor of 1981248?
False
Does 218 divide 117720?
True
Is 1437777 a multiple of 602?
False
Is 2 a factor of 665218?
True
Is 773318 a multiple of 11?
False
Does 248 divide 1342891?
False
Does 17 divide 78853?
False
Is 25 a factor of 41785?
False
Is 1854208 a multiple of 8?
True
Does 3 divide 44516?
False
Is 91409 a multiple of 19?
True
Is 11 a factor of 94167?
False
Is 1982069 a multiple of 848?
False
Is 713 a factor of 2808507?
True
Is 60942 a multiple of 87?
False
Is 31 a factor of 486328?
True
Is 325 a factor of 12655504?
False
Is 14607451 a multiple of 35?
False
Is 485316 a multiple of 306?
True
Does 713 divide 805519?
False
Is 50540 a multiple of 9?
False
Is 26615600 a multiple of 46?
True
Is 153 a factor of 148410?
True
Does 96 divide 710784?
True
Is 1410991 a multiple of 53?
False
Is 15827 a multiple of 49?
True
Is 219714 a multiple of 56?
False
Is 466 a factor of 3535492?
False
Is 977529 a multiple of 18?
False
Is 7344656 a multiple of 11?
True
Is 84185 a multiple of 41?
False
Is 2127983 a multiple of 712?
False
Is 2 a factor of 26772?
True
Is 58158 a multiple of 27?
True
Does 725 divide 2565376?
False
Does 98 divide 124166?
